.
134
What is the highest common factor of 36091308 and 474?
474
Calculate the greatest common factor of 446 and 53974.
2
Calculate the greatest common divisor of 33674 and 34578.
226
What is the highest common factor of 4 and 818718?
2
What is the highest common factor of 44433 and 405?
9
Calculate the highest common factor of 477 and 2595622.
53
Calculate the greatest common factor of 1337544 and 32760.
936
What is the greatest common divisor of 1443 and 285233?
481
Calculate the greatest common factor of 33182 and 89582.
94
What is the greatest common factor of 7957236 and 303408?
3612
Calculate the greatest common factor of 164328 and 258136.
328
Calculate the greatest common factor of 16026745 and 1505.
1505
What is the highest common divisor of 981 and 19500645?
327
What is the greatest common factor of 24203309 and 553?
79
Calculate the greatest common factor of 1554 and 649222.
14
Calculate the greatest common factor of 2671620 and 3801.
21
What is the greatest common factor of 375444286 and 14043?
4681
Calculate the greatest common factor of 3648 and 669005808.
912
What is the highest common factor of 7583615 and 45?
5
What is the greatest common divisor of 6174800 and 7600?
400
What is the greatest common factor of 37504980 and 834?
834
What is the greatest common factor of 28045 and 3905?
355
What is the greatest common divisor of 121605 and 4029045?
1005
What is the highest common factor of 134079 and 61179459?
7887
What is the highest common divisor of 287394 and 24814?
38
Calculate the highest common factor of 62592 and 279382.
326
Calculate the highest common divisor of 725 and 35583.
29
What is the greatest common divisor of 488 and 4705784?
488
What is the greatest common divisor of 6181636 and 46364?
692
What is the greatest common divisor of 392065 and 133?
19
Calculate the highest common divisor of 807842200 and 275.
275
What is the greatest common divisor of 6946535 and 717?
239
Calculate the greatest common factor of 45 and 11560440.
15
What is the highest common divisor of 4455976 and 13048?
56
Calculate the greatest common factor of 634384 and 62992.
496
Calculate the highest common factor of 825687 and 4872765.
1731
What is the highest common divisor of 372664494 and 6?
6
What is the greatest common factor of 3618374 and 2410?
482
Calculate the highest common factor of 2619328 and 704.
64
What is the greatest common divisor of 350 and 6850970?
70
What is the greatest common divisor of 54240320 and 120?
40
Calculate the highest common factor of 172632322 and 652.
326
Calculate the highest common divisor of 26253 and 40102916.
2917
Calculate the greatest common factor of 45724 and 378672.
644
Calculate the greatest common factor of 503683212 and 12.
12
Calculate the greatest common factor of 1048 and 68998.
2
What is the greatest common factor of 29664 and 463191?
309
Calculate the greatest common divisor of 636 and 29419346.
106
Calculate the highest common divisor of 9994 and 158707.
19
Calculate the greatest common factor of 1144508 and 31.
1
Calculate the highest common divisor of 23220371 and 229.
229
What is the highest common divisor of 4 and 92027?
1
Calculate the highest common divisor of 407912610 and 30.
30
Calculate the highest common divisor of 6357914 and 124.
62
What is the greatest common divisor of 7 and 35636321?
7
What is the highest common factor of 4920832 and 96?
32
Calculate the greatest common divisor of 7239365 and 391.
391
What is the greatest common divisor of 1145567 and 380?
19
What is the greatest common factor of 96455 and 6798815?
505
Calculate the highest common divisor of 78970 and 1623802.
298
What is the greatest common factor of 4 and 12088844?
4
Calculate the greatest common factor of 9099 and 1205112.
1011
What is the highest common divisor of 1534 and 4837882?
118
Calculate the highest common divisor of 1356 and 112368.
12
What is the greatest common factor of 4711445 and 5605?
295
Calculate the greatest common divisor of 3 and 528665.
1
What is the highest common factor of 319166 and 40969?
53
Calculate the highest common divisor of 88783087 and 12484.
3121
Calculate the highest common divisor of 147 and 555427005.
147
What is the greatest common factor of 1599371 and 128846?
2801
Calculate the highest common divisor of 452855 and 637.
13
What is the highest common factor of 36661144 and 195?
13
What is the highest common factor of 7191756 and 1062864?
4356
Calculate the highest common factor of 1357237 and 21.
7
What is the greatest common factor of 45630774 and 13356?
6678
Calculate the highest common factor of 2982245 and 7367.
139
Calculate the greatest common divisor of 30 and 176680794.
6
Calculate the greatest common divisor of 2634726 and 10716.
282
Calculate the highest common divisor of 3904 and 60224.
64
What is the greatest common divisor of 21 and 30414909?
21
Calculate the highest common divisor of 11152 and 33387776.
656
Calculate the highest common divisor of 1699615 and 4665.
1555
What is the highest common divisor of 83080046 and 266?
266
What is the highest common divisor of 12366560 and 5920?
160
What is the highest common factor of 120113618 and 74?
74
Calculate the greatest common factor of 15 and 934160520.
15
What is the greatest common factor of 200445854 and 203?
203
Calculate the greatest common factor of 64 and 11359288.
8
Calculate the greatest common factor of 109847057 and 46.
23
What is the greatest common divisor of 345 and 126057?
3
What is the greatest common factor of 17948 and 10521?
7
Calculate the greatest common factor of 5199750 and 210.
30
Calculate the highest common factor of 4012968 and 37398.
1626
What is the highest common factor of 8 and 81074708?
4
What is the greatest common divisor of 614 and 5743049?
307
What is the greatest common factor of 6389754 and 42?
42
Calculate the greatest common divisor of 5425 and 46396305.
155
Calculate the highest common factor of 481474907 and 14732.
3683
Calculate the greatest common divisor of 99 and 355114683.
99
What is the greatest common factor of 1315120 and 21760?
1360
Calculate the greatest common factor of 1128 and 3620034.
282
What is the greatest common divisor of 16089837 and 17391?
1581
What is the highest common divisor of 274827 and 479667?
1707
Calculate the greatest common divisor of 6234776 and 80.
8
Calculate the highest common factor of 307 and 34460443.
307
What is the greatest common factor of 39468 and 61501?
11
What is the highest common divisor of 56958799 and 6068?
1517
What is the highest common divisor of 43 and 14454751?
43
Calculate the greatest common factor of 87106 and 82616.
898
Calculate the greatest common factor of 64 and 359632384.
64
Calculate the greatest common factor of 128079 and 38475.
171
Calculate the highest common factor of 4222662 and 459540.
5106
Calculate the greatest common factor of 5634 and 16453158.
1878
What is the highest common divisor of 585424 and 2240?
112
What is the greatest common divisor of 798183 and 42051?
393
Calculate the highest common factor of 1027290 and 16170.
330
What is the greatest common factor of 88 and 91507768?
88
What is the greatest common divisor of 334875 and 4375?
125
What is the highest common divisor of 126064 and 256752?
16
Calculate the highest common factor of 365624 and 12488.
56
What is the greatest common divisor of 132342 and 49594?
274
Calculate the highest common factor of 77 and 1582328.
11
Calculate the greatest common factor of 5032 and 412352.
136
Calculate the highest common divisor of 5616 and 274339.
13
Calculate the greatest common factor of 467775 and 7392.
231
What is the highest common divisor of 260544834 and 1368?
342
What is the highest common factor of 1729 and 20136675?
247
Calculate the greatest common divisor of 8085 and 70665.
105
What is the highest common factor of 71427413 and 226?
113
Calculate the highest common divisor of 13832 and 3492.
4
Calculate the greatest common factor of 643433 and 5593.
119
Calculate the highest common divisor of 226862816 and 48.
16
Calculate the greatest common factor of 1798 and 13239790.
62
What is the greatest common divisor of 35 and 13233983?
7
What is the highest common factor of 91440 and 8415?
45
What is the greatest common divisor of 57